 11?
127
What is -2335 (base 16) in base 4?
-2030311
-33133 (base 4) to base 5
-12431
3f8 (base 16) to base 11
844
Convert -148a (base 11) to base 12.
-1135
What is 2434 (base 5) in base 7?
1035
Convert 23213 (base 5) to base 8.
3223
Convert -4134 (base 5) to base 2.
-1000100000
What is -a77 (base 14) in base 4?
-200101
1471 (base 8) to base 15
3a0
Convert -2ae (base 15) to base 12.
-432
What is -a01 (base 13) in base 5?
-23231
What is 262422 (base 7) in base 8?
137426
Convert -101020020 (base 3) to base 16.
-1d22
Convert -1101 (base 6) to base 4.
-3331
Convert -657 (base 15) to base 14.
-744
Convert 4591 (base 14) to base 7.
50141
What is 2 (base 9) in base 16?
2
Convert -101111010000 (base 2) to base 7.
-11550
-21 (base 10) to base 14
-17
10000101001100 (base 2) to base 9
12621
Convert 5619 (base 10) to base 13.
2733
Convert 15332 (base 8) to base 16.
1ada
What is -196 (base 13) in base 3?
-101211
34 (base 5) to base 4
103
Convert b6a (base 14) to base 8.
4312
What is 103223 (base 4) in base 5?
20014
What is -3022 (base 6) in base 11?
-552
1422 (base 8) to base 2
1100010010
Convert 3b3c (base 14) to base 12.
6062
1100001 (base 2) to base 15
67
Convert -136 (base 13) to base 16.
-d6
-1100010 (base 3) to base 6
-4303
Convert -46101 (base 9) to base 14.
-b28c
Convert 20553 (base 9) to base 4.
3110013
Convert 1110001010 (base 2) to base 9.
1216
What is 124a (base 11) in base 6?
11311
What is -100001010000001 (base 2) in base 14?
-62c1
Convert -641 (base 10) to base 14.
-33b
What is 1224 (base 5) in base 14?
d7
826 (base 9) to base 12
480
What is -1020220 (base 4) in base 3?
-20101011
What is 1d1 (base 14) in base 12?
277
Convert -644 (base 8) to base 14.
-220
Convert 3c9 (base 16) to base 8.
1711
What is -7a2 (base 11) in base 5?
-12314
Convert 21430 (base 7) to base 8.
12362
What is -10064 (base 8) in base 5?
-113043
Convert 14134 (base 5) to base 13.
6bc
Convert -3b7 (base 15) to base 2.
-1101001111
1473 (base 8) to base 12
58b
Convert -23b49 (base 12) to base 15.
-e49c
What is -45121 (base 8) in base 14?
-6d0d
What is -cd7f (base 16) in base 6?
-1043315
What is -1222133 (base 4) in base 13?
-3143
Convert -15015 (base 6) to base 14.
-c27
Convert 57a4 (base 11) to base 4.
1313000
Convert -1001011011 (base 2) to base 7.
-1521
-11860 (base 10) to base 4
-2321110
-1011011111110 (base 2) to base 14
-2206
Convert -1020220 (base 5) to base 3.
-212020020
Convert db0 (base 14) to base 4.
222032
-424 (base 10) to base 5
-3144
222011 (base 3) to base 9
864
Convert 133 (base 13) to base 14.
111
-2e (base 15) to base 3
-1122
What is -2c9 (base 13) in base 8?
-767
11501 (base 8) to base 5
124204
303224 (base 7) to base 15
1042b
-101111110000 (base 2) to base 11
-2329
Convert 1621 (base 7) to base 14.
348
What is 8660 (base 14) in base 11?
16492
What is 42006 (base 7) in base 16?
2838
-120 (base 10) to base 11
-aa
-11386 (base 9) to base 7
-31122
Convert -8726 (base 9) to base 13.
-2c01
What is -15134 (base 7) in base 3?
-12202012
What is 130304 (base 5) in base 12?
2b33
-121012 (base 4) to base 12
-b1a
What is -3b846 (base 12) in base 11?
-56a1a
What is -440 (base 6) in base 9?
-206
-4ab (base 15) to base 3
-1110022
Convert 50261 (base 7) to base 13.
56b4
Convert -514 (base 14) to base 6.
-4342
What is 20103 (base 5) in base 6?
5530
What is 100010011011 (base 2) in base 4?
202123
Convert 58 (base 9) to base 10.
53
-1037 (base 8) to base 4
-20133
-47948 (base 10) to base 16
-bb4c
What is 1139 (base 11) in base 5?
21434
What is -101001011001011 (base 2) in base 5?
-1134240
8b22 (base 15) to base 8
71503
Convert -b46 (base 16) to base 10.
-2886
Convert -12e (base 15) to base 11.
-225
10100010010101 (base 2) to base 4
2202111
-1012 (base 12) to base 16
-6ce
What is 5425 (base 10) in base 2?
1010100110001
What is 1016 (base 10) in base 16?
3f8
Convert -406 (base 16) to base 6.
-4434
What is -423 (base 7) in base 15?
-e3
What is 112124 (base 5) in base 3?
12112121
-101000001 (base 2) to base 9
-386
What is 215 (base 7) in base 13?
86
Convert cd7 (base 14) to base 5.
40131
Convert -1455 (base 6) to base 10.
-395
Convert 120 (base 7) to base 5.
223
Convert 214144 (base 6) to base 12.
a354
What is -16084 (base 11) in base 2?
-101100010111111
Convert -11200 (base 4) to base 8.
-540
What is 7668 (base 13) in base 16?
405f
Convert 1566 (base 8) to base 10.
886
Convert -2344 (base 9) to base 3.
-2101111
b54 (base 12) to base 15
74d
What is -13802 (base 9) in base 5?
-300043
Convert 221111 (base 3) to base 5.
10223
What is 15352 (base 6) in base 13?
11b7
Convert -12284 (base 15) to base 9.
-87437
What is -309 (base 10) in base 4?
-10311
What is -322002 (base 5) in base 7?
-43466
242 (base 7) to base 11
107
What is -116 (base 15) in base 16?
-f6
Convert -1337 (base 9) to base 8.
-1756
What is 1061 (base 7) in base 2?
110000010
What is 268 (base 13) in base 12?
2b4
Convert -59 (base 13) to base 7.
-134
What is -6046 (base 7) in base 3?
-2212111
What is -2728 (base 16) in base 14?
-3920
What is 25 (base 14) in base 15?
23
Convert -121a3 (base 13) to base 3.
-1200121202
3213022 (base 4) to base 9
22257
Convert -1110110111 (base 2) to base 8.
-1667
What is -13270 (base 11) in base 10?
-18953
Convert -25503 (base 7) to base 15.
-2010
What is -100a (base 13) in base 2?
-100010011111
-55 (base 7) to base 6
-104
What is 11100 (base 3) in base 6?
313
Convert 433 (base 10) to base 7.
1156
Convert 546 (base 10) to base 4.
20202
-25502 (base 9) to base 10
-17174
-2213 (base 6) to base 16
-201
891 (base 13) to base 3
2000110
What is -158 (base 11) in base 16?
-b8
Convert 30625 (base 7) to base 15.
2361
What is 19c2 (base 13) in base 2?
111100100100
Convert 1011002221 (base 3) to base 13.
a426
What is -1023133 (base 4) in base 11?
-36a2
-18b0 (base 12) to base 3
-11010120
What is -442 (base 5) in base 13?
-95
What is 4103 (base 8) in base 2?
100001000011
What is 41c3 (base 15) in base 7?
55356
-210314 (base 5) to base 4
-1230233
What is -346 (base 7) in base 15?
-c1
1021110102 (base 3) to base 4
12020201
Convert -2414 (base 6) to base 5.
-4321
-1100000 (base 3) to base 5
-12342
Convert -1307 (base 12) to base 9.
-2867
What is -2212000 (base 3) in base 14?
-a87
47ee (base 16) to base 4
10133232
Convert 210 (base 10) to base 14.
110
-592 (base 12) to base 11
-695
-61550 (base 7) to base 16
-3ab5
Convert 58 (base 15) to base 8.
123
What is -600 (base 7) in base 3?
-101220
Convert -198 (base 10) to base 15.
-d3
Convert -81566 (base 9) to base 3.
-2201122020
-14d (base 16) to base 14
-19b
What is -1003110 (base 4) in base 10?
-4308
What is 5184 (base 10) in base 13?
248a
What is 2101110 (base 3) in base 13?
a3b
31301 (base 4) to base 14
46d
What is 25b (base 13) in base 5?
3124
Convert 435350 (base 6) to base 13.
13635
3572 (base 8) to base 2
11101111010
What is 2125 (base 6) in base 11?
401
173 (base 11) to base 10
201
Convert -1220202010 (base 3) to base 2.
-1001001101011010
Convert c9 (base 13) to base 16.
a5
-538 (base 9) to base 6
-2012
-fb (base 16) to base 8
-373
Convert 80a (base 11) to base 12.
696
Convert -10021211002 (base 3) to base 15.
-142b8
2411013 (base 5) to base 16
addc
Convert 147 (base 15) to base 13.
196
What is 1155404 (base 6) in base 3?
10011020111
-100224 (base 5) to base 11
-243a
Convert -15103 (base 6) to base 13.
-113a
What is -1217 (base 8) in base 13?
-3b5
Convert 17d9 (base 15) to base 2.
1010000100010
What is -116 (base 15) in base 9?
-303
22861 (base 13) to base 11
43325
-ef (base 16) to base 7
-461
What is 100001110 (base 2) in base 3?
101000
100c (base 14) to base 11
2086
468b (base 13) to base 5
304132
-889 (base 12) to base 9
-1646
Convert b0 (base 15) to base 10.
165
Convert -305 (base 9) to base 3.
-100012
What is 242 (base 16) in base 15?
288
What is 958 (base 14) in base 5?
24332
What is 1421 (base 6) in base 8?
565
What is 158 (base 10) in base 6?
422
What is b8 (base 13) in base 7?
304
Convert 2233 (base 5) to base 9.
383
-1001111011101 (base 2) to base 4
-1033131
What is 14ea (base 15) in base 9?
6144
515 (base 6) to base 15
cb
Convert 1058 (base 12) to base 4.
130010
-3258 (base 9) to base 14
-c38
What is 472 (base 10) in base 9?
574
Convert -5852 (base 9) to base 14.
-1820
What is 29612 (base 11) in base 5?
2321000
Convert 2396 (base 15) to